{"id":60,"date":"2026-01-11T14:58:07","date_gmt":"2026-01-11T13:58:07","guid":{"rendered":"https:\/\/olchowa2026.pl\/?page_id=60"},"modified":"2026-01-11T15:12:11","modified_gmt":"2026-01-11T14:12:11","slug":"galeria","status":"publish","type":"page","link":"https:\/\/olchowa2026.pl\/?page_id=60","title":{"rendered":"Galeria"},"content":{"rendered":"\n<p><\/p>\n\n\n\n<p>Masz fajne zdj\u0119cia osiedla do opublikowania? Ew. warte pochwalenia si\u0119 rozwi\u0105zania wdro\u017cone w budynku i chcesz si\u0119 nimi podzieli\u0107? Wy\u015blij zdj\u0119cia na <img decoding=\"async\" width=\"150\" height=\"17\" class=\"wp-image-56\" style=\"width: 150px;\" src=\"http:\/\/olchowa2026.pl\/wp-content\/uploads\/2026\/01\/MAIL.jpg\" alt=\"\"> .<\/p>\n\n\n\n<figure class=\"wp-block-image size-large\"><img fetchpriority=\"high\" decoding=\"async\" width=\"1024\" height=\"768\" src=\"http:\/\/olchowa2026.pl\/wp-content\/uploads\/2026\/01\/Domek-w-sniegu-ogrod-1024x768.jpeg\" alt=\"\" class=\"wp-image-64\" srcset=\"https:\/\/olchowa2026.pl\/wp-content\/uploads\/2026\/01\/Domek-w-sniegu-ogrod-1024x768.jpeg 1024w, https:\/\/olchowa2026.pl\/wp-content\/uploads\/2026\/01\/Domek-w-sniegu-ogrod-300x225.jpeg 300w, https:\/\/olchowa2026.pl\/wp-content\/uploads\/2026\/01\/Domek-w-sniegu-ogrod-768x576.jpeg 768w, https:\/\/olchowa2026.pl\/wp-content\/uploads\/2026\/01\/Domek-w-sniegu-ogrod-1536x1152.jpeg 1536w, https:\/\/olchowa2026.pl\/wp-content\/uploads\/2026\/01\/Domek-w-sniegu-ogrod.jpeg 1600w\" sizes=\"(max-width: 1024px) 100vw, 1024px\" \/><\/figure>\n\n\n\n<figure class=\"wp-block-image size-large\"><img decoding=\"async\" width=\"1024\" height=\"682\" src=\"http:\/\/olchowa2026.pl\/wp-content\/uploads\/2026\/01\/Domek-w-sniegu-Podjazd-1024x682.jpeg\" alt=\"\" class=\"wp-image-63\" srcset=\"https:\/\/olchowa2026.pl\/wp-content\/uploads\/2026\/01\/Domek-w-sniegu-Podjazd-1024x682.jpeg 1024w, https:\/\/olchowa2026.pl\/wp-content\/uploads\/2026\/01\/Domek-w-sniegu-Podjazd-300x200.jpeg 300w, https:\/\/olchowa2026.pl\/wp-content\/uploads\/2026\/01\/Domek-w-sniegu-Podjazd-768x512.jpeg 768w, https:\/\/olchowa2026.pl\/wp-content\/uploads\/2026\/01\/Domek-w-sniegu-Podjazd-1536x1023.jpeg 1536w, https:\/\/olchowa2026.pl\/wp-content\/uploads\/2026\/01\/Domek-w-sniegu-Podjazd.jpeg 1600w\" sizes=\"(max-width: 1024px) 100vw, 1024px\" \/><\/figure>\n\n\n\n<p><\/p>\n","protected":false},"excerpt":{"rendered":"<p>Masz fajne zdj\u0119cia osiedla do opublikowania? Ew. warte pochwalenia si\u0119 rozwi\u0105zania wdro\u017cone w budynku i chcesz si\u0119 nimi podzieli\u0107? Wy\u015blij zdj\u0119cia na .<\/p>\n","protected":false},"author":1,"featured_media":0,"parent":0,"menu_order":0,"comment_status":"closed","ping_status":"closed","template":"","meta":{"footnotes":""},"class_list":["post-60","page","type-page","status-publish","hentry"],"yoast_head":"<!-- This site is optimized with the Yoast SEO plugin v26.6 - https:\/\/yoast.com\/wordpress\/plugins\/seo\/ -->\n<title>Galeria -<\/title>\n<meta name=\"robots\" content=\"index, follow, max-snippet:-1, max-image-preview:large, max-video-preview:-1\" \/>\n<link rel=\"canonical\" href=\"https:\/\/olchowa2026.pl\/?page_id=60\" \/>\n<meta property=\"og:locale\" content=\"en_US\" \/>\n<meta property=\"og:type\" content=\"article\" \/>\n<meta property=\"og:title\" content=\"Galeria -\" \/>\n<meta property=\"og:description\" content=\"Masz fajne zdj\u0119cia osiedla do opublikowania? Ew. warte pochwalenia si\u0119 rozwi\u0105zania wdro\u017cone w budynku i chcesz si\u0119 nimi podzieli\u0107? Wy\u015blij zdj\u0119cia na .\" \/>\n<meta property=\"og:url\" content=\"https:\/\/olchowa2026.pl\/?page_id=60\" \/>\n<meta property=\"article:modified_time\" content=\"2026-01-11T14:12:11+00:00\" \/>\n<meta property=\"og:image\" content=\"http:\/\/olchowa2026.pl\/wp-content\/uploads\/2026\/01\/MAIL.jpg\" \/>\n<meta name=\"twitter:card\" content=\"summary_large_image\" \/>\n<meta name=\"twitter:label1\" content=\"Est. reading time\" \/>\n\t<meta name=\"twitter:data1\" content=\"1 minute\" \/>\n<script type=\"application\/ld+json\" class=\"yoast-schema-graph\">{\"@context\":\"https:\/\/schema.org\",\"@graph\":[{\"@type\":\"WebPage\",\"@id\":\"https:\/\/olchowa2026.pl\/?page_id=60\",\"url\":\"https:\/\/olchowa2026.pl\/?page_id=60\",\"name\":\"Galeria -\",\"isPartOf\":{\"@id\":\"https:\/\/olchowa2026.pl\/#website\"},\"primaryImageOfPage\":{\"@id\":\"https:\/\/olchowa2026.pl\/?page_id=60#primaryimage\"},\"image\":{\"@id\":\"https:\/\/olchowa2026.pl\/?page_id=60#primaryimage\"},\"thumbnailUrl\":\"http:\/\/olchowa2026.pl\/wp-content\/uploads\/2026\/01\/MAIL.jpg\",\"datePublished\":\"2026-01-11T13:58:07+00:00\",\"dateModified\":\"2026-01-11T14:12:11+00:00\",\"breadcrumb\":{\"@id\":\"https:\/\/olchowa2026.pl\/?page_id=60#breadcrumb\"},\"inLanguage\":\"en-US\",\"potentialAction\":[{\"@type\":\"ReadAction\",\"target\":[\"https:\/\/olchowa2026.pl\/?page_id=60\"]}]},{\"@type\":\"ImageObject\",\"inLanguage\":\"en-US\",\"@id\":\"https:\/\/olchowa2026.pl\/?page_id=60#primaryimage\",\"url\":\"https:\/\/olchowa2026.pl\/wp-content\/uploads\/2026\/01\/MAIL.jpg\",\"contentUrl\":\"https:\/\/olchowa2026.pl\/wp-content\/uploads\/2026\/01\/MAIL.jpg\",\"width\":218,\"height\":24},{\"@type\":\"BreadcrumbList\",\"@id\":\"https:\/\/olchowa2026.pl\/?page_id=60#breadcrumb\",\"itemListElement\":[{\"@type\":\"ListItem\",\"position\":1,\"name\":\"Home\",\"item\":\"https:\/\/olchowa2026.pl\/\"},{\"@type\":\"ListItem\",\"position\":2,\"name\":\"Galeria\"}]},{\"@type\":\"WebSite\",\"@id\":\"https:\/\/olchowa2026.pl\/#website\",\"url\":\"https:\/\/olchowa2026.pl\/\",\"name\":\"\",\"description\":\"Strona dla mieszka\u0144c\u00f3w ul. Olchowej w Le\u017anie www.Olchowa2026.pl   \",\"potentialAction\":[{\"@type\":\"SearchAction\",\"target\":{\"@type\":\"EntryPoint\",\"urlTemplate\":\"https:\/\/olchowa2026.pl\/?s={search_term_string}\"},\"query-input\":{\"@type\":\"PropertyValueSpecification\",\"valueRequired\":true,\"valueName\":\"search_term_string\"}}],\"inLanguage\":\"en-US\"}]}<\/script>\n<!-- \/ Yoast SEO plugin. -->","yoast_head_json":{"title":"Galeria -","robots":{"index":"index","follow":"follow","max-snippet":"max-snippet:-1","max-image-preview":"max-image-preview:large","max-video-preview":"max-video-preview:-1"},"canonical":"https:\/\/olchowa2026.pl\/?page_id=60","og_locale":"en_US","og_type":"article","og_title":"Galeria -","og_description":"Masz fajne zdj\u0119cia osiedla do opublikowania? Ew. warte pochwalenia si\u0119 rozwi\u0105zania wdro\u017cone w budynku i chcesz si\u0119 nimi podzieli\u0107? Wy\u015blij zdj\u0119cia na .","og_url":"https:\/\/olchowa2026.pl\/?page_id=60","article_modified_time":"2026-01-11T14:12:11+00:00","og_image":[{"url":"http:\/\/olchowa2026.pl\/wp-content\/uploads\/2026\/01\/MAIL.jpg","type":"","width":"","height":""}],"twitter_card":"summary_large_image","twitter_misc":{"Est. reading time":"1 minute"},"schema":{"@context":"https:\/\/schema.org","@graph":[{"@type":"WebPage","@id":"https:\/\/olchowa2026.pl\/?page_id=60","url":"https:\/\/olchowa2026.pl\/?page_id=60","name":"Galeria -","isPartOf":{"@id":"https:\/\/olchowa2026.pl\/#website"},"primaryImageOfPage":{"@id":"https:\/\/olchowa2026.pl\/?page_id=60#primaryimage"},"image":{"@id":"https:\/\/olchowa2026.pl\/?page_id=60#primaryimage"},"thumbnailUrl":"http:\/\/olchowa2026.pl\/wp-content\/uploads\/2026\/01\/MAIL.jpg","datePublished":"2026-01-11T13:58:07+00:00","dateModified":"2026-01-11T14:12:11+00:00","breadcrumb":{"@id":"https:\/\/olchowa2026.pl\/?page_id=60#breadcrumb"},"inLanguage":"en-US","potentialAction":[{"@type":"ReadAction","target":["https:\/\/olchowa2026.pl\/?page_id=60"]}]},{"@type":"ImageObject","inLanguage":"en-US","@id":"https:\/\/olchowa2026.pl\/?page_id=60#primaryimage","url":"https:\/\/olchowa2026.pl\/wp-content\/uploads\/2026\/01\/MAIL.jpg","contentUrl":"https:\/\/olchowa2026.pl\/wp-content\/uploads\/2026\/01\/MAIL.jpg","width":218,"height":24},{"@type":"BreadcrumbList","@id":"https:\/\/olchowa2026.pl\/?page_id=60#breadcrumb","itemListElement":[{"@type":"ListItem","position":1,"name":"Home","item":"https:\/\/olchowa2026.pl\/"},{"@type":"ListItem","position":2,"name":"Galeria"}]},{"@type":"WebSite","@id":"https:\/\/olchowa2026.pl\/#website","url":"https:\/\/olchowa2026.pl\/","name":"","description":"Strona dla mieszka\u0144c\u00f3w ul. Olchowej w Le\u017anie www.Olchowa2026.pl   ","potentialAction":[{"@type":"SearchAction","target":{"@type":"EntryPoint","urlTemplate":"https:\/\/olchowa2026.pl\/?s={search_term_string}"},"query-input":{"@type":"PropertyValueSpecification","valueRequired":true,"valueName":"search_term_string"}}],"inLanguage":"en-US"}]}},"_links":{"self":[{"href":"https:\/\/olchowa2026.pl\/index.php?rest_route=\/wp\/v2\/pages\/60","targetHints":{"allow":["GET"]}}],"collection":[{"href":"https:\/\/olchowa2026.pl\/index.php?rest_route=\/wp\/v2\/pages"}],"about":[{"href":"https:\/\/olchowa2026.pl\/index.php?rest_route=\/wp\/v2\/types\/page"}],"author":[{"embeddable":true,"href":"https:\/\/olchowa2026.pl\/index.php?rest_route=\/wp\/v2\/users\/1"}],"replies":[{"embeddable":true,"href":"https:\/\/olchowa2026.pl\/index.php?rest_route=%2Fwp%2Fv2%2Fcomments&post=60"}],"version-history":[{"count":3,"href":"https:\/\/olchowa2026.pl\/index.php?rest_route=\/wp\/v2\/pages\/60\/revisions"}],"predecessor-version":[{"id":66,"href":"https:\/\/olchowa2026.pl\/index.php?rest_route=\/wp\/v2\/pages\/60\/revisions\/66"}],"wp:attachment":[{"href":"https:\/\/olchowa2026.pl\/index.php?rest_route=%2Fwp%2Fv2%2Fmedia&parent=60"}],"curies":[{"name":"wp","href":"https:\/\/api.w.org\/{rel}","templated":true}]}}